2
What is the hundreds digit of 16489?
4
What is the units digit of 147314?
4
What is the units digit of 15661211?
1
What is the hundred thousands digit of 1303962?
3
What is the hundred thousands digit of 29278621?
2
What is the hundred thousands digit of 268129?
2
What is the thousands digit of 13098?
3
What is the hundred thousands digit of 6636415?
6
What is the units digit of 284915?
5
What is the hundred thousands digit of 8729490?
7
What is the tens digit of 2431001?
0
What is the ten thousands digit of 1425842?
2
What is the thousands digit of 3282512?
2
What is the millions digit of 19361924?
9
What is the hundreds digit of 1523980?
9
What is the hundred thousands digit of 3099516?
0
What is the hundred thousands digit of 278537?
2
What is the tens digit of 357278?
7
What is the ten millions digit of 16839347?
1
What is the units digit of 758880?
0
What is the hundred thousands digit of 903041?
9
What is the hundreds digit of 21121303?
3
What is the tens digit of 2510792?
9
What is the millions digit of 1700076?
1
What is the hundreds digit of 30490857?
8
What is the ten thousands digit of 520665?
2
What is the units digit of 3909013?
3
What is the thousands digit of 1350237?
0
What is the hundred thousands digit of 4842640?
8
What is the units digit of 70017?
7
What is the hundred thousands digit of 114928?
1
What is the millions digit of 3997152?
3
What is the hundreds digit of 25294292?
2
What is the units digit of 4047793?
3
What is the ten thousands digit of 52261?
5
What is the hundred thousands digit of 7731898?
7
What is the tens digit of 4336958?
5
What is the tens digit of 2004942?
4
What is the ten millions digit of 12435417?
1
What is the hundred thousands digit of 1761130?
7
What is the ten thousands digit of 8168062?
6
What is the ten thousands digit of 1115902?
1
What is the ten thousands digit of 8073214?
7
What is the ten thousands digit of 16673075?
7
What is the tens digit of 563611?
1
What is the hundreds digit of 505514?
5
What is the units digit of 304691?
1
What is the hundred thousands digit of 12833353?
8
What is the hundred thousands digit of 610736?
6
What is the hundreds digit of 3832152?
1
What is the thousands digit of 245373?
5
What is the ten thousands digit of 164942?
6
What is the millions digit of 6519965?
6
What is the tens digit of 280529?
2
What is the hundreds digit of 1701278?
2
What is the ten thousands digit of 7397048?
9
What is the units digit of 4802463?
3
What is the units digit of 10257?
7
What is the millions digit of 3676183?
3
What is the tens digit of 236531?
3
What is the ten thousands digit of 10206038?
0
What is the units digit of 587266?
6
What is the millions digit of 6885016?
6
What is the millions digit of 2339746?
2
What is the hundred thousands digit of 2538468?
5
What is the millions digit of 1737626?
1
What is the hundreds digit of 10358702?
7
What is the millions digit of 6241631?
6
What is the millions digit of 2983806?
2
What is the millions digit of 12069880?
2
What is the hundred thousands digit of 103495?
1
What is the units digit of 4371573?
3
What is the thousands digit of 744657?
4
What is the hundreds digit of 1838460?
4
What is the tens digit of 3148984?
8
What is the thousands digit of 500586?
0
What is the units digit of 1692793?
3
What is the thousands digit of 10606888?
6
What is the hundred thousands digit of 1058613?
0
What is the tens digit of 2407496?
9
What is the millions digit of 10705000?
0
What is the millions digit of 15972622?
5
What is the tens digit of 188368?
6
What is the hundred thousands digit of 19517653?
5
What is the tens digit of 1454669?
6
What is the units digit of 98685?
5
What is the units digit of 11643861?
1
What is the thousands digit of 4451281?
1
What is the thousands digit of 1928546?
8
What is the hundreds digit of 6734788?
7
What is the tens digit of 15797141?
4
What is the millions digit of 2564788?
2
What is the thousands digit of 140799?
0
What is the hundred thousands digit of 178714?
1
What is the tens digit of 266183?
8
What is the hundreds digit of 4121154?
1
What is the tens digit of 230550?
5
What is the millions digit of 5613502?
5
What is the hundreds digit of 3318850?
8
What is the tens digit of 179553?
5
What is the units digit of 3749582?
2
What is the thousands digit of 4033779?
3
What is the hundreds digit of 5155190?
1
What is the millions digit of 6121605?
6
What is the hundred thousands digit of 4649270?
6
What is the tens digit of 3344452?
5
What is the thousands digit of 186513?
6
What is the ten thousands digit of 1148602?
4
What is the units digit of 4356012?
2
What is the tens digit of 6950752?
5
What is the hundreds digit of 568938?
9
What is the thousands digit of 86231?
6
What is the ten millions digit of 21322193?
2
What is the units digit of 766019?
9
What is the hundreds digit of 7642?
6
What is the ten thousands digit of 4140421?
4
What is the millions digit of 1626403?
1
What is the units digit of 4124672?
2
What is the ten thousands digit of 7955874?
5
What is the ten thousands digit of 82084?
8
What is the tens digit of 710040?
4
What is the ten thousands digit of 178254?
7
What is the tens digit of 1467654?
5
What is the thousands digit of 374524?
4
What is the units digit of 1390665?
5
What is the hundred thousands digit of 1125272?
1
What is the hundred thousands digit of 17733658?
7
What is the tens digit of 47416?
1
What is the thousands digit of 553228?
3
What is the tens digit of 14399390?
9
What is the hundreds digit of 130234?
2
What is the units digit of 7788139?
9
What is the tens digit of 5501033?
3
What is the units digit of 3371215?
5
What is the ten thousands digit of 96601?
9
What is the hundred thousands digit of 3003771?
0
What is the hundreds digit of 125557?
5
What is the hundred thousands digit of 26145467?
1
What is the hundred thousands digit of 903623?
9
What is the units digit of 42959?
9
What is the ten thousands digit of 599352?
9
What is the units digit of 862835?
5
What is the hundred thousands digit of 21461918?
4
What is the ten millions digit of 22240016?
2
What is the units digit of 5333209?
9
What is the thousands digit of 7045154?
5
What is the tens digit of 283622?
2
What is the hundreds digit of 9813970?
9
What is the hundreds digit of 127684?
6
What is the thousands digit of 1154765?
4
What is the ten thousands digit of 352796?
5
What is the hundred thousands digit of 8812449?
8
What is the thousands digit of 147956?
7
What is the millions digit of 3878895?
3
What is the hundred thousands digit of 35351399?
3
What is the units digit of 2859923?
3
What is the millions digit of 23316423?
3
What is the millions digit of 1175527?
1
What is the hundred thousands digit of 26987480?
9
What is the thousands digit of 1441242?
1
What is the hundreds digit of 1665376?
3
What is the tens digit of 523767?
6
What is the hundreds digit of 13152952?
9
What is the units digit of 38583?
3
What is the ten thousands digit of 137886?
3
What is the hundreds digit of 419704?
7
What is the hundreds digit of 105189?
1
What is the tens digit of 427512?
1
What is the ten thousands digit of 444770?
4
What is the ten thousands digit of 8013460?
1
What is the hundreds digit of 14277698?
6
What is the hundreds digit of 1718551?
5
What is the units digit of 18263?
3
What is the units digit of 766910?
0
What is the hundreds digit of 10515884?
8
What is the thousands digit of 10615543?
5
What is the millions digit of 3619561?
3
What is the millions digit of 2261068?
2
What is the ten thousands digit of 173263?
7
What is the tens digit of 284217?
1
What is the hundreds digit of 11643545?
5
What is the hundred thousands digit of 900856?
9
What is the thousands digit of 67729?
7
What is the units digit of 157693?
3
What is the units digit of 1637280?
0
What is the units digit of 347429?
9
What is the tens digit of 5752014?
1
What is the units digit of 283456?
6
What is the millions digit of 1349355?
1
What is the tens digit of 1863178?
7
What is the units digit of 135954?
4
What is the tens digit of 559625?
2
What is the ten thousands digit of 11923715?
2
What is the thousands digit of 226923?
6
What is the millions digit of 4746993?
4
What is the tens digit of 541783?
8
What is the unit